ime factors of s.
3
Suppose 2*s + 105 = 5*s. List the prime factors of s.
5, 7
Let i(r) = -r**3 - 6*r**2 - 8*r - 6. Let q be i(-6). Suppose 4 = -x - x. List the prime factors of x/(-10) + q/15.
3
Suppose 3*k = k + 128. Suppose 3*q + k = 8*q + 3*t, 74 = 5*q - 2*t. List the prime factors of q.
2, 7
Let m be (-2 + 3)*3 + 15. Let k(w) = -2*w**2 - 3*w. Let z be k(-3). Let q = m + z. What are the prime factors of q?
3
Let t(f) = f - 1. Suppose 2*q = q - 5. Let a be t(q). Let h = a + 16. List the prime factors of h.
2, 5
Suppose -5*z + 5*x = -0*z - 535, -x = -4. What are the prime factors of z?
3, 37
Suppose 0 = -3*v - y + 49, 0 = v + 5*y - y - 9. Suppose p - v = -o, -4*o + o = -5*p + 77. What are the prime factors of p?
2
What are the prime factors of (1 - 1) + -2 + 309 + 1?
2, 7, 11
Suppose -4*s + 406 + 574 = 0. List the prime factors of s.
5, 7
Let b(r) = 12*r + 8. Let i be b(6). Suppose 0 = q + 3*q - i. List the prime factors of q.
2, 5
Let p = 78 - 42. List the prime factors of p.
2, 3
Suppose -5*r + 155 = -4*p, -p = -2*r - 0*r + 65. List the prime factors of r.
5, 7
List the prime factors of 7/(12 + -5) - (1 + -123).
3, 41
Suppose 0*k = -k + 7. Suppose -2*h = 4*r - r - 9, -r - k = 4*h. Suppose 4*p = -4, r*p + 25 = 4*g - 2*g. What are the prime factors of g?
2, 5
Let u = -11 + 44. What are the prime factors of u?
3, 11
Suppose -2*l - 6 = -3*l. Suppose -5*p = 3*y + l, 0*p + 5*y - 12 = -p. Let s = 12 + p. List the prime factors of s.
3
Suppose -3 = t - 5. Let r(u) = -t*u + 0*u + 0*u - 4 + u. List the prime factors of r(-6).
2
Let k be (-404)/(-10) - (-16)/(-40). Let w = -19 + k. What are the prime factors of w?
3, 7
Let v = -1 + -6. Let m(k) = -k - 5. Let g be m(v). Suppose 5*t = -s - 17, 0*s - g = -2*s - t. List the prime factors of s.
3
Let z be (-1)/((-5)/(-3) - 2). Suppose 102 = -z*n + 15. Let w = -18 - n. What are the prime factors of w?
11
Let p(i) = -i + 35. List the prime factors of p(0).
5, 7
Let y(w) = w**3 - 5*w**2 - 6*w + 8. List the prime factors of y(6).
2
Let r(a) = 8*a**2 + 3*a + 1. Suppose 0 = -i - 4*i - 10. What are the prime factors of r(i)?
3
Let u(f) = -f + 4. Let k be u(5). Let d be (k*41)/(-4 + 3). Suppose h - 2 = 0, -2*b - 3*h - 13 = -d. What are the prime factors of b?
11
Let i = 348 - 176. List the prime factors of i.
2, 43
Let j = -20 - -25. List the prime factors of j.
5
Suppose -5*o = -0*o + 15. Let g = 12 + o. What are the prime factors of g?
3
Let d be 1/2*(6 - 0). Suppose -8 = 2*q - d*q - 2*n, 0 = 3*q + 2*n - 12. List the prime factors of 17 - (q + 1 - 3).
17
Let h = -1 + 4. Suppose -3*p - 15 = 0, -p + 12 = d - h*p. Suppose 0 = -2*q - d*x + 30, 5*q - 19 = 5*x + 26. What are the prime factors of q?
2, 3
Let f(l) = 33*l**2 + 2*l + 1. List the prime factors of f(-1).
2
Suppose -93 = 2*n - 3*n. Suppose -3*a = 12, -a - 2*a + n = 5*s. What are the prime factors of s?
3, 7
Let g = 64 - 24. What are the prime factors of g?
2, 5
Suppose -u - 140 = 4*u. Let l = 13 - u. What are the prime factors of l?
41
Let t = 423 + -96. What are the prime factors of t?
3, 109
Suppose 9 = -2*s + 51. What are the prime factors of s?
3, 7
Suppose -4*v = -3*s - 112, -v = 2*s - 7*s - 11. Suppose 5*y - 29 = v. Suppose 0*z - y = -z. List the prime factors of z.
2, 3
Let c(x) = x**2 + x - 4. Let f be c(5). Suppose -4*r + 77 = -3*t, -4*r + 5*t + 57 = -f. List the prime factors of r.
17
What are the prime factors of 8/(-32) - (-210)/8?
2, 13
Let q(g) = 3 + 5*g**2 + 3*g**2 - 2*g**3 + 0 - 4*g**2 + 4*g. What are the prime factors of q(-2)?
3
Let u(x) = -x - 5. Let l be u(-7). Suppose 0 = 4*p + v - 48, -3*v = l*p - 13 - 1. What are the prime factors of p?
13
Let k(i) be the third derivative of -11*i**4/24 + 5*i**3/6 - 6*i**2. What are the prime factors of k(-4)?
7
Suppose 0 = r - 7 + 1. Let z = r + 16. What are the prime factors of z?
2, 11
Let q be -2 + (-6)/(-3) - 0. Suppose q = -o + 4*o - 9. What are the prime factors of o?
3
List the prime factors of ((-1)/(-3))/((-3)/(-189)).
3, 7
Let w = -115 - -185. What are the prime factors of w?
2, 5, 7
Suppose 15*h = -h + 5696. What are the prime factors of h?
2, 89
Let n = -53 + 84. List the prime factors of n.
31
Let f be 15/6 + 2/(-4). Suppose 0*j + 40 = 2*h + f*j, 4*h - 87 = 3*j. What are the prime factors of h?
3, 7
Let x(w) = -2*w**2 + 4 + 4*w - 4*w - 3*w. Let b be x(-3). List the prime factors of (-10)/b - (-1 - -1).
2
Suppose 427 = 5*s + 3*h, s + 2*h - 95 = -h. What are the prime factors of s?
83
Let a(r) = 9*r. Let o be a(-2). Let g = 29 + o. List the prime factors of g.
11
Suppose -80 = 2*m - 7*m + 5*b, 3*m + b - 40 = 0. What are the prime factors of m?
2, 7
Let y(o) = 17*o**2 - 7*o + 8. List the prime factors of y(-4).
2, 7, 11
Let u(s) = s**3 + 4*s**2 - 2*s - 6. Let r(w) = w + 2 - 1 + 2. Let y be r(-7). List the prime factors of u(y).
2
Suppose -3*r + 65 = -112. List the prime factors of r.
59
Suppose 0 = 2*l + 24 - 6. Let u = -5 - l. What are the prime factors of u?
2
Let y(u) = u. Let h be y(0). Let c be 2 + 8/2 + h. List the prime factors of ((-52)/8)/((-3)/c).
13
Let x = -137 + 202. Suppose -21 = o - x. What are the prime factors of o?
2, 11
Suppose 2*p + 8 = 0, -3*f + 6*f = p + 61. Suppose -3*x + 13 = k + 2*x, f = -2*k - x. List the prime factors of k/(-5)*(-30)/(-9).
2
Let k(w) = 4*w + 2*w**2 - 2*w**2 + w**2. Let b be k(-4). Suppose b = -t - 2*t + 30. List the prime factors of t.
2, 5
Suppose -q = 3*k - 4*q - 276, 4*q - 184 = -2*k. What are the prime factors of k?
2, 23
Suppose -4*b + 90 = 2*m, 0*m = b + m - 24. List the prime factors of b.
3, 7
Suppose 846 = -25*u + 31*u. What are the prime factors of u?
3, 47
Let p be (-12)/18*(-2 + -1). Suppose -2*h = -p*k - 0*h + 52, -4*h = 5*k - 103. Let b = k - 15. List the prime factors of b.
2
Let a(w) = -w**2 - 10*w - 10. Let c be a(-8). What are the prime factors of 2*(-8)/4 + c?
2
List the prime factors of (-2)/(2 - 135/66).
2, 11
Let y = 66 + -9. What are the prime factors of y?
3, 19
Suppose -2*g + 22 = m, g = 5*m - 0*g - 88. List the prime factors of m.
2, 3
Suppose 2*w + 2*w + 5*i = 25, -4*w = 4*i - 20. Suppose 3*p + 8 - 68 = w. List the prime factors of p.
2, 5
Let f be 1 + 1 + 0/2. Let j(t) = t**3 - 3*t**2 + t - 1. Let n be j(f). Let o = 10 + n. List the prime factors of o.
7
List the prime factors of 2/(-8) - -2*(-1138)/(-16).
2, 71
Suppose -3*m - 243 = 5*r, -5*m + 14 + 6 = 0. List the prime factors of 3/9*-1*r.
17
Let w = -5 + 17. List the prime factors of w.
2, 3
Let n = 69 - 30. What are the prime factors of n?
3, 13
Let i(f) = -f**2 + f - 1. Let a(o) = -7*o**2 - 3. Let t(p) = a(p) - 6*i(p). Let z = 11 + -16. List the prime factors of t(z).
2
Suppose -f - c + 5*c = -1, 3*f - 31 = -2*c. Suppose 5*r - f*r + 48 = 0. List the prime factors of r.
2, 3
What are the prime factors of (-12)/9 + 2925/27?
107
List the prime factors of (-10)/(-65) - 1400/(-26).
2, 3
Let f(x) = -5*x - 4*x + x. Suppose 3*g = 2*i - 13, -4 = 4*g + 3*i - 15. What are the prime factors of f(g)?
2
Let k = 1 + -1. Suppose -h = -k - 3. List the prime factors of h.
3
Suppose -4*t - 2*x = -26, 3*t + 3*x = 5*x + 30. Let h = t + -3. List the prime factors of h.
5
Suppose -8*v + 24 = -5*v. List the prime factors of v.
2
Let h(g) = -g**2 - 3*g + 2. Let m = -10 - -6. Let t be h(m). List the prime factors of t + (0 - -2 - -8).
2
Suppose 3*g + 33 = 6*g. List the prime factors of g.
11
Let t be (3 + -1)*(-25)/(-2). Suppose -2*i = 3*i - t. Suppose -38 - 2 = -i*d. What are the prime factors of d?
2
Let k = 275 - 11. List the prime factors of k.
2, 3, 11
What are the prime factors of (1 + 222/(-10))/(14/(-140))?
2, 53
Let j be 0/2 - (1 + -1). Suppose 0 = -u + 28 - j. List the prime factors of u.
2, 7
Suppose 0 = -p - z + 43, -152 = -4*p - 0*p + z. Suppose 0*j + 3*j = p. Let i = -2 + j. List the prime factors of i.
11
What are the prime factors of (-18 + 21)/(3/277)?
277
Let k = -69 - -39. Let n = k - -71. What are the prime factors of n?
41
Suppose 0 = -6*u + 2*u - 116. Let o = -9 - u. Suppose -8 = -2*g + 3*m, -7*g + 2*g + o = 4*m. List the prime factors of g.
2
Let l = -38 + 127. List the prime factors of l.
89
Let b = 3 - 1. Let y be b*1*3/6. Suppose c = y + 1. What are the prime factors of c?
2
List the prime factors of (-78)/(-3) + -2 + 4.
2, 7
Let j(s) = s + 1. Let z(a) = 6*a +